he second derivative of 0 + 1/2*d**2 + 13/12*d**4 - 1/6*d**3 - 11*d. What are the prime factors of z(-2)?
5, 11
Let i = 59 + -65. What are the prime factors of (((-35061)/(-26))/31)/(i/(-116))?
29
Suppose 28*m + 15389 = 39*m. Let f = -716 + m. What are the prime factors of f?
683
Let g(p) = 12*p**2 - 35*p + 205. List the prime factors of g(7).
2, 137
Let c(m) = -m - 4. Let h be c(-7). Suppose -7*f + h*f = -344. Suppose 5*b - 4*b = f. What are the prime factors of b?
2, 43
Suppose -5*n - 4*z + 301683 = 0, -37*n + 241368 = -33*n - 4*z. What are the prime factors of n?
3, 20113
Suppose -6*g = 14 + 64. Let d be -10 - g - (-94 - -2). Suppose -33*w + 38*w - d = 0. What are the prime factors of w?
19
Suppose -3*x + 4424 = -256. List the prime factors of x.
2, 3, 5, 13
List the prime factors of ((-4843584)/792)/(2/(-11)).
2, 3, 2803
Let v = 688 + -673. List the prime factors of (9625/v - -7)*3.
2, 7, 139
Let q be 2/(-3)*16965/(-30). Let c = 105 + q. What are the prime factors of c?
2, 241
List the prime factors of (-476320)/96*3/(-5).
13, 229
Suppose 123*t = 250*t - 129*t + 15038. What are the prime factors of t?
73, 103
Let k(i) = -40*i + 24. Let w be k(-3). Let m(t) = t**3 + 12*t**2 + 9*t - 18. Let q be m(-11). Suppose -w = q*l - 8*l. What are the prime factors of l?
2, 3
Suppose 2091052 = 92*x + 325572. List the prime factors of x.
2, 5, 19, 101
Let f(h) = -23927*h**3 - 8*h**2 - 16*h - 10. List the prime factors of f(-1).
3, 5, 11, 29
Let v(h) = -5*h + 69. Let k(l) = 2*l - 23. Let m(n) = 7*k(n) + 2*v(n). Let s be m(14). Suppose 0*g = -g + s. What are the prime factors of g?
3, 11
Suppose -176*z - 103*z + 7808430 = -69*z. List the prime factors of z.
19, 103
Let s(u) = u**2 - 12*u + 20. Let c be s(10). Suppose -2*w - w + 12 = c. Suppose v = 0, -138 = -w*j + 2*j + 5*v. List the prime factors of j.
3, 23
Suppose -3*i = -2*b + 36339, b - 8*i - 10682 = 7533. What are the prime factors of b?
3, 6053
Suppose -6*g = 10*g - 1600. Suppose -99*p = -g*p + 494. What are the prime factors of p?
2, 13, 19
Suppose 3*t + 3484 = 15*t - 4184. What are the prime factors of t?
3, 71
Suppose 3*i - 5925 = 11970. What are the prime factors of i?
5, 1193
List the prime factors of 110/44*(-37686)/(-15).
11, 571
Let q = 527 + -159. Suppose 28*o - 30*o = -q. List the prime factors of o.
2, 23
Suppose -88 = -4*q - 0*q. Suppose -q = -5*z + 3. What are the prime factors of (-30)/(-20)*z/((-45)/(-174))?
29
Suppose 19*d = 16*d + 9. Let k(w) = -2*w**3 + 8*w**2 - 5*w + 3. Let u be k(d). Suppose i + u = 13. List the prime factors of i.
7
Suppose 5*g + 25927 = 6*g + 3*i, 0 = -4*i. What are the prime factors of g?
11, 2357
List the prime factors of 5*(((-1)/3)/(9/(-2700)) + -1).
3, 5, 11
Let b = 1136 + -1903. Let x = 1112 + b. List the prime factors of x.
3, 5, 23
Suppose -3*p = -20*p + 5372. Suppose 4*h = -3*k + 963, 2*h - 2*k - 162 = p. List the prime factors of h.
2, 3, 5
Let b(y) = 7*y**2 - 300*y - 88. List the prime factors of b(72).
2, 5, 73
Suppose -7*a - 13*a - 3*a + 120382 = 0. List the prime factors of a.
2, 2617
Let z be (-1 - 1)*(0 - 1) + 14. Suppose -11*a + z = -3*a. What are the prime factors of -1*3*((-304)/24 - a)?
2, 11
Let d = -26147 + 61655. What are the prime factors of d?
2, 3, 11, 269
What are the prime factors of (10 + (-2121)/(-12) - -4)*92?
7, 23, 109
Let u(q) = -q**2 + q. Let c be u(1). Suppose c = -2*t - 0*t. Suppose t = -3*v + 4*n + 157, 2*v + 3*v = -4*n + 315. What are the prime factors of v?
59
Let j = -19 - 93. Let o = j + 274. List the prime factors of o.
2, 3
Suppose -241*x + 2441916 = 454148. What are the prime factors of x?
2, 1031
Suppose 478615 = 66*m - 2257695 - 1310810. What are the prime factors of m?
2, 3, 5, 7, 73
Suppose 9*t + 95 = 14. List the prime factors of (-10)/30 - (822/t - 0).
7, 13
Suppose 27*j + 5238808 = 30*j + 91*j. List the prime factors of j.
2, 13933
Let f = 12 + -9. Suppose -3*t - 2*w = -0*w - 988, f*t + 5*w = 985. List the prime factors of t.
2, 3, 5, 11
What are the prime factors of -8 + (2 - -164)/(30/3495)?
13, 1487
Suppose 4400 = 3*u + a, 0 = -0*u + 4*u + 2*a - 5870. Suppose 6*y - u = 1229. What are the prime factors of y?
449
Suppose 0 = 4*q + 28, 5073*m = 5075*m - 3*q - 133965. List the prime factors of m.
2, 3, 5581
Let r(z) = 13*z**3 + 3*z**2 + 3*z - 25. List the prime factors of r(3).
2, 181
Suppose 16 = 4*b - 20. Suppose 11*r - b*r + 8 = 0. List the prime factors of (18/r - -4)*-204.
2, 3, 17
Suppose 1121548 = -59*t + 205*t + 327016. What are the prime factors of t?
2, 3, 907
Let o(d) = d**2 - 31*d + 5. Suppose 10*w + 184 = 8*w. Let n = -61 - w. What are the prime factors of o(n)?
5
Let u(l) = 2*l**2 + 194*l - 1947. List the prime factors of u(93).
3, 11131
Let h(s) = s**3 - 95*s**2 + 2*s + 1757. What are the prime factors of h(97)?
3, 7, 23, 43
Let o(a) = 2*a**2 + 11*a - 7*a + 3 - a**2 - a. Let x be o(-3). Suppose 3*s - x*t - 357 = -0*t, 0 = -3*s - t + 353. What are the prime factors of s?
2, 59
Let u be ((-15)/(-2) - 20/(-10))*2. Suppose 5*s = -z + 1 + u, 9 = 3*s. Suppose -4*t - 112 = -5*m - 31, 2*m - 6 = -z*t. List the prime factors of m.
13
Let n(f) = -f**3 - 12*f**2 - 13*f - 20. Let g be n(-11). Suppose w = 5*w - g*w. Suppose 4*d - 3*d - 23 = w. List the prime factors of d.
23
Let z = 20 + -29. Let j(o) = 2*o. Let w(p) = -p**2 - 26*p + 28. Let c(x) = 6*j(x) + w(x). What are the prime factors of c(z)?
73
Let c(u) = 0 - 3 + 0 + 9*u. Let y = 708 - 700. What are the prime factors of c(y)?
3, 23
Let u(k) = 2395*k**2 + 2*k - 14. What are the prime factors of u(2)?
2, 3, 5, 11, 29
Let h(p) = 4749*p + 1713. List the prime factors of h(2).
3, 37, 101
Let s(f) be the second derivative of -8*f**3 - 2*f**2 - 32*f. What are the prime factors of s(-9)?
2, 107
Suppose 0 = -8*i - 13*i + 399. What are the prime factors of i - 20 - (2 + -32)?
29
Let y(q) = -2*q**2 + 116*q - 312. What are the prime factors of y(49)?
2, 3, 5, 19
Let y = 410 - 412. What are the prime factors of y/7 + (-8427)/(-21)?
401
Suppose 47043 = -81*t + 235*t - 2113731. What are the prime factors of t?
3, 1559
Suppose 3*r - 118355 = -4*q, -3*q = -2*r - 2*q + 78918. List the prime factors of r.
11, 17, 211
Let p(r) = r**3 + 5*r**2 + r + 17. Let d be p(-4). Let k = 35 - d. What are the prime factors of 16/k*(-1)/((-8)/150)?
2, 5
Let q(p) = 73*p**3 + 225*p**2 + 2*p - 6. Let f be q(-3). Let u be 1/(122/60 - 2). Let y = f - u. What are the prime factors of y?
2, 3
Let v = -3157 + 15873. What are the prime factors of v?
2, 11, 17
Suppose 0 = -2*p + p. Suppose 3*v - 184 + 1021 = -3*t, p = 3*t + v + 839. Let m = -194 - t. What are the prime factors of m?
2, 43
Suppose -136 = 5*t + 3*p + 202, 5*p = -4*t - 260. Let f = t - -77. List the prime factors of f - 81/12 - 811/(-4).
7, 29
List the prime factors of (-7)/((-175)/(-10))*(961/(-2) - 2).
193
Let u = -490 + 765. Let z = -188 + u. What are the prime factors of z?
3, 29
Suppose 0 = -19*r + 6*r + 52. Let f(u) = 450*u - 12. What are the prime factors of f(r)?
2, 3, 149
Let u(h) be the third derivative of h**5/15 - 41*h**4/24 - 5*h**3/6 + 2*h**2 + 13*h. List the prime factors of u(15).
2, 5, 7
Let a(k) = 20 + 1497*k - 3 - 4 - 595*k - 8. What are the prime factors of a(1)?
907
Suppose -135458 = -34*r - 9148. What are the prime factors of r?
5, 743
Let p be (-2382)/((-5)/(1 + -6) + -3). Let s = p + -298. What are the prime factors of s?
19, 47
Suppose 0 = 37*p - 39*p - c + 99114, 7*p - 346908 = c. What are the prime factors of p?
2, 71, 349
Suppose 0 = -x - 4*v + 3406, -x + 2*v + 3406 = -2*v. List the prime factors of 9/21 - 1 - x/(-7).
2, 3
Suppose 0 = -5*d + 8*d + 318. Let r = 151 + d. List the prime factors of r.
3, 5
Let i = 53382 - 9306. List the prime factors of i.
2, 3, 3673
Let q(d) be the first derivative of -41*d**4/4 + 4*d - 100. What are the prime factors of q(-2)?
2, 83
Suppose -p + 3*c = -969, 10*p + 4832 = 15*p - 2*c. Suppose -p = -5*l + 59. What are the prime factors of l?
5, 41
Suppose 6 = -h + 2*h - 3*l, 0 = -l - 2. Suppose 0*q - 3*q + 9 = h. Suppose 2*t = r + 111, r - 3*r = q*t - 184. List the prime factors of t.
2, 29
Suppose -33304 = -18*t + 44202 + 5708. List the prime factors of t.
3, 23, 67
Suppose 6*v = -0*v - 24. Let g be (-4 + 0)/v + 109. What are the prime factors of 6/6*g/1?
2, 5, 11
List t